21*x + 68 = -487*x. What is the highest common divisor of x and 37?
1
Suppose -5*g - 5*y + 1095 = 0, -166*g + 435 = -164*g + 3*y. What is the greatest common divisor of g and 296?
74
Suppose 329*h - 5993 + 1343 = 3904. Calculate the greatest common factor of 17966 and h.
26
Suppose 143 = 3*h - a, -2*h + 2*a + a = -93. Calculate the greatest common divisor of h and 636.
12
Let w(x) = -x**3 - 6*x**2 + x + 3. Let h be w(-6). Let r be (2/h)/((-1)/3). Suppose 0 = -r*p - 3*p + 750. What is the greatest common factor of p and 60?
30
Let m = 4685 + -1971. Calculate the highest common factor of 236 and m.
118
Let r(g) = -g**2 + 6*g + 107. Let s = 43 - 30. Let p be r(s). What is the greatest common factor of 152 and p?
8
Let w(d) = -2*d**2 - 6*d - 5. Let b be w(-3). Let p be (-10)/b*(-2)/(-4). Let m be (p/2*-91)/((-4)/8). Calculate the greatest common factor of 13 and m.
13
Let f = -9 + 15. Let x be -30*(1 - 51/f). Suppose 0 = -63*v + 55*v + 200. What is the greatest common divisor of v and x?
25
Let y(w) = 2*w**3 - 14*w**2 + 14*w - 60. Let h be y(9). Suppose 51*k - 48*k = h. Calculate the greatest common divisor of k and 50.
10
Suppose -2*j + 1848 = -a, 4*j - 1055 = a + 2645. Let g = j - 607. Calculate the highest common divisor of 29 and g.
29
Let u be -10*(-3)/(6/235). Calculate the greatest common factor of u and 94.
47
Let w be (-9 + 140/15)/((22/(-96))/(-11)). Calculate the highest common divisor of w and 296.
8
Let d = -8704 - -9693. Calculate the highest common divisor of d and 23.
23
Let l be (-1 + 1)/(-2) - (19 + -23). Suppose 5 = b, -2*g = l*b - 45 - 1. What is the greatest common factor of 91 and g?
13
Suppose 0 = 10*k - k + 9. Let t(w) = -76*w**3 + 1 - 3*w**3 + w + 2*w**3 + 1 - w**2. Let v be t(k). Calculate the highest common factor of 7 and v.
7
Let g = 1984 + -1409. Calculate the highest common divisor of 125 and g.
25
Suppose 5*i = 2*y - 496 + 74, 419 = -5*i - y. Let f be (2 + i)/(2 + -1). Let z = f + 121. What is the highest common divisor of 39 and z?
39
Let q = -3787 - -3823. Calculate the greatest common factor of 171 and q.
9
Let s be ((-50)/17 - -3)*-2 - (-9798)/1207. Let x be (5/((-50)/976))/((-1)/5). What is the greatest common divisor of x and s?
8
Suppose -4*p + 5*d + 152 = -251, -3*p + 307 = d. Suppose -i + 11*s - 9*s - 85 = 0, i - s = -90. Let y = p + i. What is the highest common divisor of y and 56?
7
Let r be 42/35 + 2/(-10). Let d be (6/r)/((-4)/(-70)). Let i be (-1 - -36)/(-3 - -4). What is the highest common divisor of i and d?
35
Let w = -336 + 85. Let l = w - -277. What is the highest common factor of l and 65?
13
Suppose 0 = 236*w - 1896 - 18164. Suppose -4*d = 4*c - 288, -2*c - 328 = -5*d + c. Suppose -3*z + z = -d. What is the highest common divisor of w and z?
17
Let z = 5195 + -3134. Calculate the greatest common divisor of 27 and z.
9
Suppose 4*d + 6 = -2*f - 4, -2*d = 2*f - 6. Calculate the highest common divisor of f and 15092.
11
Let u(k) = -7*k - 9. Let n(a) = -2*a + 8 + 5*a + 4*a + a. Let z(q) = -6*n(q) - 7*u(q). Let w be z(-9). What is the highest common divisor of w and 4?
2
Suppose 96 = 8*i + 4*i. Suppose 0*o = -5*o + 85. Let g = o - 9. Calculate the highest common divisor of i and g.
8
Let v(n) be the second derivative of -n**5/10 - n**4 + 2*n**3/3 + 7*n**2 - 3*n + 9. Let c be v(-7). What is the greatest common divisor of c and 24?
12
Suppose 3*b - 2*i - 8476 = 0, -2*b - 12*i + 5646 = -14*i. Calculate the highest common factor of b and 20.
10
Suppose 2 = -4*s + 5*c, 0*s + 2*s + 2*c = -10. Let b = 262 - 259. Let a be 14 - (5 + b + s). Calculate the highest common divisor of a and 9.
9
Suppose -2*p + 134*h - 133*h = -63, 5*p - 2*h - 156 = 0. Let q = 181 - -479. What is the greatest common factor of p and q?
30
Suppose -3337 = -5*z - 3227. Calculate the greatest common divisor of z and 8294.
22
Let d be -6*((-2745)/30 + -6). Calculate the greatest common factor of d and 75.
15
Suppose -2834*s + 202 + 1208 = -2819*s. What is the greatest common divisor of s and 47?
47
Let l(z) = 19*z**2 + 17*z + 88. Let s be l(-9). Suppose 6*j + s = 8*j. What is the greatest common factor of 11 and j?
11
Suppose o - 6 = 4*r + 34, 4*o = -r + 194. Suppose -17*d + o = -14*d. Calculate the highest common divisor of d and 112.
16
Let n = -354 + 82. Let w = n - -287. What is the highest common factor of 465 and w?
15
Suppose 0 = 3*a + a - 4, -2384 = -5*u - 4*a. Let v be (16/20)/(-2 + u/240). Let r = -16 - v. Calculate the highest common divisor of 32 and r.
32
Suppose -79*i + 8156 = 50*i - 874. Let b = 54 - 12. Calculate the greatest common factor of i and b.
14
Suppose -x - 1 + 38 = 0. Let c = 53 - x. Suppose -5*r = -c - 59. What is the highest common divisor of 75 and r?
15
Let m = 142 + -274. Let a = 303 + m. What is the highest common factor of a and 19?
19
Let l(h) = -h**2 + 482*h + 1459. Let a be l(-3). What is the highest common factor of a and 892?
4
Let j(l) = 2*l**3 + 25*l**2 + 16*l + 70. Let m be j(-12). Suppose m*o = 5*o + 8449. What is the highest common divisor of o and 7?
7
Suppose -r = 2, 44 = s - 2*r - 2*r. Let m(t) = -23*t + 486. Let h be m(0). What is the highest common factor of s and h?
18
Let r(c) = 4*c**2 - 13*c - 105. Let d be r(-7). What is the highest common factor of d and 130?
26
Let y be 220461/86 - 3/6. What is the greatest common factor of y and 66?
11
Let u = -668 + 2268. What is the highest common divisor of 150 and u?
50
Suppose -4*q + 4 = 0, 3*b = -2*q - 0*q + 794. Let p(n) = -9*n - 12. Let u be p(7). Let h = -51 - u. What is the greatest common factor of b and h?
24
Let o = -4 - -15. Suppose -d + o = -2*c + 1, 3*d + c - 9 = 0. Suppose 5*q + 4*n = 69, -d*q - n - 25 = -89. Calculate the highest common divisor of 68 and q.
17
Let h be 0/(-1) + (139 - 5 - 1). Let o = -116 + 135. Calculate the highest common divisor of h and o.
19
Let t(h) = -h**2 - 19*h - 65. Let d be t(-10). Let c = d - 14. What is the highest common factor of 1 and c?
1
Let v be ((-16)/24)/(-1)*(-19809)/(-31). Calculate the greatest common divisor of 75 and v.
3
Let y be (5 - ((-148)/12 - 0))*69. What is the highest common factor of 78 and y?
26
Suppose 5*q + 20 = 0, 0 = r + 10*q + q - 855. Calculate the highest common factor of 124 and r.
31
Let s be -5*(1 - (-36)/(-20)) - -1. Suppose -2*w + 409 = s*c, 5*w = -3*c - c + 334. Let o = 89 - c. What is the greatest common factor of 8 and o?
8
Let p = -40456 - -44278. What is the greatest common divisor of 42 and p?
42
Let m(z) = -z**2 - 8*z + 12. Let b be m(-7). Suppose b*l = 343 - 115. What is the highest common factor of 138 and l?
6
Let m = 2714 + 133. What is the highest common factor of m and 657?
219
Let t = 17632 - 17528. Calculate the highest common divisor of t and 328.
8
Let c be (2304/160)/((-2)/(-5)). Let f be ((-6)/(-9) - (-147)/c)*28. What is the highest common factor of f and 7?
7
Let n(m) = -m**2 + 30*m + 15. Let b be n(7). Let k be (((-39)/4)/((-33)/b))/2. Calculate the greatest common factor of k and 130.
26
Suppose 147 = p - 3*q, -3*p + 26*q = 25*q - 449. What is the highest common divisor of 1875 and p?
75
Let c = -1039 + 1463. Suppose -3*l = 4*f - 0*f - 843, 2*f - c = -4*l. What is the greatest common factor of 90 and f?
30
Let w(j) = -6*j**2 + 83*j - 3. Let a be w(9). What is the highest common factor of a and 12?
6
Let i = -989 - -1429. Let f = 445 - i. What is the greatest common factor of f and 40?
5
Let z be -10*2/16 + (-20)/(-16). Let p be (3/(z - 3))/((-2)/78). What is the greatest common factor of 26 and p?
13
Suppose -26 = -3*b + m + 41, 2*b - 4*m - 48 = 0. Suppose -322 = -29*n + b*n. What is the greatest common factor of n and 391?
23
Let t be (0 + -63)*(1 + -2). Suppose 231*g - 46*g + 6959 = 30269. What is the greatest common factor of t and g?
63
Let o = -413 - -219. Let z = o + 215. What is the greatest common factor of z and 35?
7
Let h(k) = -358*k - 7392. Let m be h(-21). Suppose -3*o + 0*o = -126. Calculate the highest common factor of o and m.
42
Suppose -3*w + 2188 = 4*j, -285*j + 700 = w - 280*j. What is the greatest common divisor of 2294 and w?
74
Let a = 6083 - 2783. What is the highest common factor of 15 and a?
15
Let i = -73 - -78. Suppose -i*o - 5*r = -460, 2*r - 10 + 18 = 0. Suppose -3*p = -5*p + 64. What is the highest common div